 -r*i + 153, 0 = 5*i + l - 278. What is the remainder when i is divided by 28?
27
Let g = 1267 - 1234. What is the remainder when 94 is divided by g?
28
Let i = -86 + 88. Calculate the remainder when (i*(-3)/(-18))/((-6)/(-558)) is divided by 8.
7
Suppose -3*w = -2*w + 4*b, 4*b = 3*w - 48. Let o = 17 + 1. What is the remainder when o is divided by w?
6
Let v(t) = 4*t - 6. Suppose 7*f = 3*f + 16. What is the remainder when v(f) is divided by 3?
1
Let t = 197 + -164. Calculate the remainder when t is divided by 6.
3
Suppose -2*m + 6*m = -2*l + 56, 5*m + 4*l - 64 = 0. What is the remainder when 46 is divided by m?
14
Let p be ((-8)/(-4) + 27)*1. Let h = p + -6. Calculate the remainder when h is divided by 1/3 - 23/(-3).
7
Let n(w) = -2*w**3 + w + 18. Let t be n(0). Let q = t - -16. Calculate the remainder when 97 is divided by q.
29
Suppose -2*l - 99 = -6*l + 3*a, -4*l - 5*a + 59 = 0. Let s = 481 - 473. Calculate the remainder when l is divided by s.
5
Let t(n) = -16*n - 3. Let l = 66 + -47. Calculate the remainder when t(-6) is divided by l.
17
Suppose 22*z - 19*z - 6 = 0. Suppose -z*g = -b - 0*g + 60, -2*g = -8. Calculate the remainder when b is divided by 24.
20
Suppose 185 + 961 = 2*u. What is the remainder when u is divided by 72?
69
Suppose -q + 150 = 4*s, -3*q + q - 5*s = -288. Let m = q - 68. What is the remainder when m is divided by 34?
32
Let v(r) = r**3 - 14*r**2 - 13*r + 70. What is the remainder when v(15) is divided by 34?
32
Suppose 18 = -a + b + 4, 5*b = 4*a + 61. What is the remainder when -1 + a/((-36)/544) is divided by 34?
33
Calculate the remainder when 777 is divided by ((-168)/(-54))/(30/135).
7
Let y(n) = 4*n**2 + 10*n - 7. Calculate the remainder when 60 is divided by y(2).
2
Let r = 174 + -140. Suppose 1 = 2*i - 5*d, -3*d - 40 = -5*i + 2*d. Calculate the remainder when r is divided by i.
8
Let m(y) be the second derivative of -71*y**4/12 + y**3/2 - 3*y**2/2 - 2*y. Let v be m(2). Let f = -150 - v. What is the remainder when f is divided by 33?
32
Suppose -5*y + 24 - 4 = 0. Suppose y*t + t - 500 = 0. Suppose 2*k + 4*l - t = 0, 4*k + 3*l = 7*l + 176. Calculate the remainder when k is divided by 24.
22
Let u(v) = -v**3 + 5*v**2 + 7*v + 3. Let g be -3 + 2/2*1. Let a be (-1)/g*(-36)/(-3). Calculate the remainder when 24 is divided by u(a).
6
Suppose 0 = -10*a + 2*a + 56. Suppose 20 = -4*h, 0 = -4*l + 2*h - a*h + 15. What is the remainder when 49 is divided by l?
9
Suppose 2*c + 9 = 11. Let r = c + 2. What is the remainder when 10 is divided by r?
1
Let u = -52 + 98. Let a be 9*(4 + (-2)/(-1)). Suppose 4*x = x - 2*g + u, g = 4*x - a. Calculate the remainder when x is divided by 4.
2
Suppose 5*s - 2 = -g, 1 = s + 6. Calculate the remainder when 97 - (2 + -3 + -2) is divided by g.
19
Let t(y) = -4*y - 7 - 8 - 3*y + 9*y. What is the remainder when 9 is divided by t(10)?
4
Calculate the remainder when ((-12)/(-15))/((-4)/10) + 99 is divided by 20.
17
Let c = -20 + 23. Suppose -26 = c*d - 8. Let i = 7 - d. What is the remainder when 49 is divided by i?
10
Suppose 0 = -5*t + 70 - 15. Calculate the remainder when 312/(-9)*12/(-8) is divided by t.
8
Let s(n) = -3*n**3 + 4*n + 4. What is the remainder when 32 is divided by s(-2)?
12
Let f(p) = -p**3 - 12*p**2 + 12*p - 11. Let t be 9/12 + 110/(-8). Let q be f(t). What is the remainder when 1*q + (16 - 8) is divided by 4?
2
What is the remainder when 291 is divided by ((-24)/50)/6 + 29078/350?
42
Let p = -510 + 531. What is the remainder when 59 is divided by p?
17
Let d = 25 + -36. Let n = 4 - d. Calculate the remainder when 37 is divided by 5*(-6)/(-45)*n.
7
Let q(f) = f**2 - 2*f**2 + f**3 - f**2 + 3*f**2 + 14. Calculate the remainder when 40 is divided by q(0).
12
Let a(o) = -2*o - 16. Let b be a(-7). Calculate the remainder when 31 is divided by (3 - -1) + (10 - b).
15
Let k = -1375 - -1395. Calculate the remainder when 79 is divided by k.
19
Let c = -186 + 198. Let w be 1 + -1 + (-1 - -2). Suppose 21 = l - w. Calculate the remainder when l is divided by c.
10
Suppose -4*r + 167 = -49. What is the remainder when r is divided by 29?
25
Let j = 670 - 540. What is the remainder when j is divided by 43?
1
Suppose -3*z + z = 30. Let g be (-10*28/8)/1. Let n = z - g. What is the remainder when 39 is divided by n?
19
Suppose 6*y + 3*s + 69 = 9*y, 0 = 3*y - 5*s - 63. Calculate the remainder when y is divided by 7.
5
Let a = -420 + 455. What is the remainder when 112 is divided by a?
7
Let v(k) = k**3 + 8*k**2 + 5*k + 37. What is the remainder when v(-7) is divided by 19?
13
Suppose 25*d - 697 = 2853. Calculate the remainder when 245 is divided by d.
103
Suppose -3*j - 2*d - 43 = 0, -3*d - 10 + 22 = 0. Let v = j - 12. Let f = v + 68. What is the remainder when f is divided by 8?
7
Suppose -3*s = 61 - 223. Let l(j) = -2*j + 31. Calculate the remainder when s is divided by l(10).
10
Suppose -9*l = -7*l + 120. Let n = 119 + l. What is the remainder when n is divided by 12?
11
Suppose 27*i - 26*i = 34. Calculate the remainder when 168 is divided by i.
32
Suppose -3*z - 191 = 4*y, y - z + 153 = -2*y. Let i = 73 + y. What is the remainder when 43 is divided by i?
20
Let r be (-1)/(2/(-58))*-1. Let z = r - -56. Let n = 11 - -41. Calculate the remainder when n is divided by z.
25
Suppose -57 = 3*x + 15. What is the remainder when (-1449)/(-35) + (-2)/5 is divided by (7/3)/((-76)/x + -3)?
13
Let i = 27 - -16. Let x = i + -13. Calculate the remainder when x is divided by 16.
14
Let y(l) = -31*l**3 + l**2 + 4*l + 3. Let g be y(-2). Suppose -g = -4*x + 113. Calculate the remainder when x is divided by 23.
21
Let o(x) = -x**3 - 6*x**2 + 2*x - 17. Calculate the remainder when o(-8) is divided by 20.
15
Let i(n) = 6*n. Let f be 52/(-182) - (-60)/14. Calculate the remainder when i(f) is divided by 5.
4
Let b = -251 + 273. Calculate the remainder when 87 is divided by b.
21
What is the remainder when 311 is divided by (2 + 7/3)/(25/150)?
25
Let k = -154 - -220. What is the remainder when k is divided by 10?
6
Let r(w) = -13*w - 85. What is the remainder when r(-8) is divided by 3/6 - 14/(-4)?
3
Let k = -28 - -40. Calculate the remainder when 44 is divided by k*1 - (-12)/4.
14
Let a be (-3)/(-1) + -1 - -2. Let b(h) = -4*h - 7. Let s(w) = -4*w - 6. Let v(m) = 4*b(m) - 5*s(m). Calculate the remainder when 53 is divided by v(a).
17
Suppose 0 = 4*y + 1 + 15. Let h be -2*5*(y - 3). Suppose -4*f = 3*g - 0*g - 56, 0 = 5*f - 3*g - h. Calculate the remainder when 25 is divided by f.
11
What is the remainder when (2 - (-44)/(-28)) + 23750/133 is divided by 24?
11
What is the remainder when (44/(-6))/((-6)/81) is divided by 34?
31
Let r = 11 + -6. Suppose -r*o = -4*m - 21, 3*m - m + 3*o = -5. What is the remainder when 0 + -14*18/m is divided by 16?
15
Let t = 18 - -22. Suppose -8*v = -3*v - t. Calculate the remainder when 31 is divided by v.
7
Let m(j) = -j**3 + 5*j**2 + 7*j - 7. Let f be m(6). Let n be f/((-1)/18*3). Suppose -i + n + 6 = 0. Calculate the remainder when 21 is divided by i.
9
Let o(f) = f**3 + 13*f**2 - 17*f - 10. Let g be o(-14). Let k = 77 - g. Calculate the remainder when 134 is divided by k.
44
Let u = -48 + 74. Suppose 180 = u*c - 30*c. What is the remainder when (4/3)/((-12)/c) is divided by 5?
0
Let z = 14 - 7. Let d(t) = -t**3 + 8*t**2 + 4. Let b be d(8). Suppose 4*h = -5*g + 30 + 51, h - 56 = -b*g. Calculate the remainder when g is divided by z.
6
Let v(i) = -5*i + 9. Let x(l) = -3*l + 7. Let r be x(5). Let c = -165 - -182. What is the remainder when v(r) is divided by c?
15
Let h = -1385 + 1882. What is the remainder when h is divided by 123?
5
Suppose 3*l = 2*d + 5*l - 12, -4*d + 27 = l. Suppose d*k - 6*k + 394 = 0. Calculate the remainder when k/(-4) + (-54)/36 is divided by 33.
31
Suppose -4*w - 2*d + 28 = 0, 1 = -5*d + 11. Let z be 296/37 + (-6 - 2). Let a = w + z. Calculate the remainder when 11 is divided by a.
5
What is the remainder when 12 is divided by (6/15)/(8/40) + 6?
4
Suppose 3*w = 1 + 11. Suppose 0 = 4*l + 16, x - 3*x + 18 = -3*l. Suppose -22 = -a - 5*s, 5*s + 29 = 5*a + x*s. What is the remainder when a is divided by w?
3
Suppose -32*h = -1078 - 554. Calculate the remainder when h is divided by 20.
11
Suppose 3*b - 4*k + 3 = 2*b, 0 = -3*k. Let r(i) = 8*i**2 + 4*i - 7. What